{"id":53,"date":"2023-11-29T14:34:17","date_gmt":"2023-11-29T13:34:17","guid":{"rendered":"https:\/\/associations-montseret.fr\/?page_id=53"},"modified":"2025-05-03T14:18:21","modified_gmt":"2025-05-03T12:18:21","slug":"journee-medievale-de-montseret","status":"publish","type":"page","link":"https:\/\/associations-montseret.fr\/?page_id=53","title":{"rendered":"Journ\u00e9e m\u00e9di\u00e9vale de Monts\u00e9ret"},"content":{"rendered":"\n<p>Bonjour \u00e0 tous,&nbsp; la journ\u00e9e m\u00e9di\u00e9vale est organis\u00e9e par la section Medium Aevum de l&rsquo;association \u00ab\u00a0Les Monts\u00e9r\u00e9tois\u00a0\u00bb.<\/p>\n\n\n\n<p>Cette ann\u00e9e la journ\u00e9e m\u00e9di\u00e9vale aura lieu le dimanche 11 mai 2025 + une soir\u00e9e d&rsquo;inspiration m\u00e9di\u00e9vale sur r\u00e9servation le samedi 10 mai. <\/p>\n\n\n\n<p>Dimanche 11 mai acc\u00e8s libre et gratuit pour tous.\u00a0 <\/p>\n\n\n<ul class=\"wp-block-latest-posts__list wp-block-latest-posts\"><li><a class=\"wp-block-latest-posts__post-title\" href=\"https:\/\/associations-montseret.fr\/?p=99\">Au programme (\u00e9volutif) de la journ\u00e9e m\u00e9di\u00e9vale du 10 et 11 mai 2025 \u00e0 Monts\u00e9ret<\/a><\/li>\n<li><a class=\"wp-block-latest-posts__post-title\" href=\"https:\/\/associations-montseret.fr\/?p=86\">Cabaret pirate &#8211; Samedi 8 mars 2025<\/a><\/li>\n<li><a class=\"wp-block-latest-posts__post-title\" href=\"https:\/\/associations-montseret.fr\/?p=401\">Cabaret pirate 2026<\/a><\/li>\n<li><a class=\"wp-block-latest-posts__post-title\" href=\"https:\/\/associations-montseret.fr\/?p=66\">Galerie photos pr\u00e9c\u00e9dentes \u00e9ditions de la journ\u00e9e m\u00e9di\u00e9vale<\/a><\/li>\n<li><a class=\"wp-block-latest-posts__post-title\" href=\"https:\/\/associations-montseret.fr\/?p=55\">Journ\u00e9e m\u00e9di\u00e9vale de Monts\u00e9ret 2025<\/a><\/li>\n<\/ul>\n\n\n<p><\/p>\n","protected":false},"excerpt":{"rendered":"<p>Bonjour \u00e0 tous,&nbsp; la journ\u00e9e m\u00e9di\u00e9vale est organis\u00e9e par la section Medium Aevum de l&rsquo;association \u00ab\u00a0Les Monts\u00e9r\u00e9tois\u00a0\u00bb. Cette ann\u00e9e la journ\u00e9e m\u00e9di\u00e9vale aura lieu le dimanche 11 mai 2025 + une soir\u00e9e d&rsquo;inspiration m\u00e9di\u00e9vale sur r\u00e9servation le samedi 10 mai. Dimanche 11 mai acc\u00e8s libre et gratuit pour tous.\u00a0<\/p>\n","protected":false},"author":1,"featured_media":0,"parent":0,"menu_order":0,"comment_status":"closed","ping_status":"closed","template":"","meta":{"_monsterinsights_skip_tracking":false,"_monsterinsights_sitenote_active":false,"_monsterinsights_sitenote_note":"","_monsterinsights_sitenote_category":0,"_kad_post_transparent":"","_kad_post_title":"","_kad_post_layout":"","_kad_post_sidebar_id":"","_kad_post_content_style":"","_kad_post_vertical_padding":"","_kad_post_feature":"","_kad_post_feature_position":"","_kad_post_header":false,"_kad_post_footer":false,"_kad_post_classname":"","iawp_total_views":205,"footnotes":""},"class_list":["post-53","page","type-page","status-publish","hentry"],"aioseo_notices":[],"_links":{"self":[{"href":"https:\/\/associations-montseret.fr\/index.php?rest_route=\/wp\/v2\/pages\/53","targetHints":{"allow":["GET"]}}],"collection":[{"href":"https:\/\/associations-montseret.fr\/index.php?rest_route=\/wp\/v2\/pages"}],"about":[{"href":"https:\/\/associations-montseret.fr\/index.php?rest_route=\/wp\/v2\/types\/page"}],"author":[{"embeddable":true,"href":"https:\/\/associations-montseret.fr\/index.php?rest_route=\/wp\/v2\/users\/1"}],"replies":[{"embeddable":true,"href":"https:\/\/associations-montseret.fr\/index.php?rest_route=%2Fwp%2Fv2%2Fcomments&post=53"}],"version-history":[{"count":5,"href":"https:\/\/associations-montseret.fr\/index.php?rest_route=\/wp\/v2\/pages\/53\/revisions"}],"predecessor-version":[{"id":355,"href":"https:\/\/associations-montseret.fr\/index.php?rest_route=\/wp\/v2\/pages\/53\/revisions\/355"}],"wp:attachment":[{"href":"https:\/\/associations-montseret.fr\/index.php?rest_route=%2Fwp%2Fv2%2Fmedia&parent=53"}],"curies":[{"name":"wp","href":"https:\/\/api.w.org\/{rel}","templated":true}]}}

Journée médiévale de Montséret

<p>Bonjour à tous,&nbsp; la journée médiévale est organisée par la section Medium Aevum de l&rsquo;association « Les Montsérétois ».</p>



<p>Cette année la journée médiévale aura lieu le dimanche 11 mai 2025 + une soirée d&rsquo;inspiration médiévale sur réservation le samedi 10 mai. </p>



<p>Dimanche 11 mai accès libre et gratuit pour tous.  </p>


<ul class="wp-block-latest-posts__list wp-block-latest-posts"><li><a class="wp-block-latest-posts__post-title" href="https://associations-montseret.fr/?p=99">Au programme (évolutif) de la journée médiévale du 10 et 11 mai 2025 à Montséret</a></li>
<li><a class="wp-block-latest-posts__post-title" href="https://associations-montseret.fr/?p=86">Cabaret pirate &#8211; Samedi 8 mars 2025</a></li>
<li><a class="wp-block-latest-posts__post-title" href="https://associations-montseret.fr/?p=401">Cabaret pirate 2026</a></li>
<li><a class="wp-block-latest-posts__post-title" href="https://associations-montseret.fr/?p=66">Galerie photos précédentes éditions de la journée médiévale</a></li>
<li><a class="wp-block-latest-posts__post-title" href="https://associations-montseret.fr/?p=55">Journée médiévale de Montséret 2025</a></li>
</ul>


<p></p>

<p>Bonjour à tous,&nbsp; la journée médiévale est organisée par la section Medium Aevum de l&rsquo;association « Les Montsérétois ». Cette année la journée médiévale aura lieu le dimanche 11 mai 2025 + une soirée d&rsquo;inspiration médiévale sur réservation le samedi 10 mai. Dimanche 11 mai accès libre et gratuit pour tous. </p>
