{"id":461,"date":"2026-09-06T09:14:06","date_gmt":"2026-09-06T07:14:06","guid":{"rendered":"https:\/\/associations-montseret.fr\/?page_id=461"},"modified":"2026-09-06T09:14:06","modified_gmt":"2026-09-06T07:14:06","slug":"marche","status":"publish","type":"page","link":"https:\/\/associations-montseret.fr\/?page_id=461","title":{"rendered":"Marche"},"content":{"rendered":"<p>Balades p\u00e9destres tous niveaux, organis\u00e9es par l&rsquo;association Les Monts\u00e9r\u00e9tois.<\/p>\n<ul>\n<li><strong>Quand :<\/strong> le lundi, \u00e0 14h (\u00e0 partir du 14\/09\/2026)<\/li>\n<li><strong>O\u00f9 :<\/strong> d\u00e9part de la place du foyer<\/li>\n<li><strong>Tarif :<\/strong> inclus dans l&rsquo;adh\u00e9sion annuelle (6\u20ac)<\/li>\n<li><strong>Responsable :<\/strong> Claude Bonamy \u2014 06 84 99 95 04 \u2014 claude.bonamy@gmail.com<\/li>\n<\/ul>\n<p><a href=\"https:\/\/associations-montseret.fr\/?page_id=391\">\u2190 Retour aux sections sportives<\/a><\/p>\n","protected":false},"excerpt":{"rendered":"<p>Balades p\u00e9destres tous niveaux, organis\u00e9es par l&rsquo;association Les Monts\u00e9r\u00e9tois. Quand : le lundi, \u00e0 14h (\u00e0 partir du 14\/09\/2026) O\u00f9 : d\u00e9part de la place du foyer Tarif : inclus dans l&rsquo;adh\u00e9sion annuelle (6\u20ac) Responsable : Claude Bonamy \u2014 06 84 99 95 04 \u2014 claude.bonamy@gmail.com \u2190 Retour aux sections sportives<\/p>\n","protected":false},"author":1,"featured_media":0,"parent":391,"menu_order":0,"comment_status":"closed","ping_status":"closed","template":"","meta":{"_monsterinsights_skip_tracking":false,"_monsterinsights_sitenote_active":false,"_monsterinsights_sitenote_note":"","_monsterinsights_sitenote_category":0,"_kad_post_transparent":"","_kad_post_title":"","_kad_post_layout":"","_kad_post_sidebar_id":"","_kad_post_content_style":"","_kad_post_vertical_padding":"","_kad_post_feature":"","_kad_post_feature_position":"","_kad_post_header":false,"_kad_post_footer":false,"_kad_post_classname":"","iawp_total_views":0,"_mc_calendar":[],"footnotes":""},"class_list":["post-461","page","type-page","status-publish","hentry"],"aioseo_notices":[],"_links":{"self":[{"href":"https:\/\/associations-montseret.fr\/index.php?rest_route=\/wp\/v2\/pages\/461","targetHints":{"allow":["GET"]}}],"collection":[{"href":"https:\/\/associations-montseret.fr\/index.php?rest_route=\/wp\/v2\/pages"}],"about":[{"href":"https:\/\/associations-montseret.fr\/index.php?rest_route=\/wp\/v2\/types\/page"}],"author":[{"embeddable":true,"href":"https:\/\/associations-montseret.fr\/index.php?rest_route=\/wp\/v2\/users\/1"}],"replies":[{"embeddable":true,"href":"https:\/\/associations-montseret.fr\/index.php?rest_route=%2Fwp%2Fv2%2Fcomments&post=461"}],"version-history":[{"count":0,"href":"https:\/\/associations-montseret.fr\/index.php?rest_route=\/wp\/v2\/pages\/461\/revisions"}],"up":[{"embeddable":true,"href":"https:\/\/associations-montseret.fr\/index.php?rest_route=\/wp\/v2\/pages\/391"}],"wp:attachment":[{"href":"https:\/\/associations-montseret.fr\/index.php?rest_route=%2Fwp%2Fv2%2Fmedia&parent=461"}],"curies":[{"name":"wp","href":"https:\/\/api.w.org\/{rel}","templated":true}]}}

<p>Balades pédestres tous niveaux, organisées par l&rsquo;association Les Montsérétois.</p>
<ul>
<li><strong>Quand :</strong> le lundi, à 14h (à partir du 14/09/2026)</li>
<li><strong>Où :</strong> départ de la place du foyer</li>
<li><strong>Tarif :</strong> inclus dans l&rsquo;adhésion annuelle (6€)</li>
<li><strong>Responsable :</strong> Claude Bonamy — 06 84 99 95 04 — claude.bonamy@gmail.com</li>
</ul>
<p><a href="https://associations-montseret.fr/?page_id=391">← Retour aux sections sportives</a></p>

<p>Balades pédestres tous niveaux, organisées par l&rsquo;association Les Montsérétois. Quand : le lundi, à 14h (à partir du 14/09/2026) Où : départ de la place du foyer Tarif : inclus dans l&rsquo;adhésion annuelle (6€) Responsable : Claude Bonamy — 06 84 99 95 04 — claude.bonamy@gmail.com ← Retour aux sections sportives</p>
