{"id":377,"date":"2025-08-23T15:48:58","date_gmt":"2025-08-23T13:48:58","guid":{"rendered":"https:\/\/associations-montseret.fr\/?page_id=377"},"modified":"2025-08-23T15:58:38","modified_gmt":"2025-08-23T13:58:38","slug":"farandoc","status":"publish","type":"page","link":"https:\/\/associations-montseret.fr\/?page_id=377","title":{"rendered":"Prestations musicales"},"content":{"rendered":"\n<p>Prestations musicale est une section de l&rsquo;association les Monts\u00e9r\u00e9tois<\/p>\n\n\n\n<p class=\"has-larger-font-size\"><strong><em>Farand&rsquo;oc<\/em><\/strong><\/p>\n\n\n\n<p>Groupe de musique traditionnelle en capacit\u00e9 d&rsquo;animer un \u00e9v\u00e8nement, un Baletti. Responsable : Claude Bonamy<\/p>\n\n\n\n<p class=\"has-larger-font-size\"><strong><em>Side project<\/em><\/strong><\/p>\n\n\n\n<p>Groupe de musique pop\/rock en capacit\u00e9 d&rsquo;animer un \u00e9v\u00e8nement. Responsable : Betty Romeu<\/p>\n\n\n\n<figure class=\"wp-block-image size-large\"><img loading=\"lazy\" decoding=\"async\" width=\"724\" height=\"1024\" src=\"https:\/\/associations-montseret.fr\/wp-content\/uploads\/2025\/08\/Affiche-Promo-Side-Project-Montseret-724x1024.jpg\" alt=\"\" class=\"wp-image-381\" srcset=\"https:\/\/associations-montseret.fr\/wp-content\/uploads\/2025\/08\/Affiche-Promo-Side-Project-Montseret-724x1024.jpg 724w, https:\/\/associations-montseret.fr\/wp-content\/uploads\/2025\/08\/Affiche-Promo-Side-Project-Montseret-212x300.jpg 212w, https:\/\/associations-montseret.fr\/wp-content\/uploads\/2025\/08\/Affiche-Promo-Side-Project-Montseret-768x1086.jpg 768w, https:\/\/associations-montseret.fr\/wp-content\/uploads\/2025\/08\/Affiche-Promo-Side-Project-Montseret.jpg 800w\" sizes=\"auto, (max-width: 724px) 100vw, 724px\" \/><\/figure>\n","protected":false},"excerpt":{"rendered":"<p>Prestations musicale est une section de l&rsquo;association les Monts\u00e9r\u00e9tois Farand&rsquo;oc Groupe de musique traditionnelle en capacit\u00e9 d&rsquo;animer un \u00e9v\u00e8nement, un Baletti. Responsable : Claude Bonamy Side project Groupe de musique pop\/rock en capacit\u00e9 d&rsquo;animer un \u00e9v\u00e8nement. Responsable : Betty Romeu<\/p>\n","protected":false},"author":1,"featured_media":0,"parent":0,"menu_order":0,"comment_status":"closed","ping_status":"closed","template":"","meta":{"_monsterinsights_skip_tracking":false,"_monsterinsights_sitenote_active":false,"_monsterinsights_sitenote_note":"","_monsterinsights_sitenote_category":0,"_kad_post_transparent":"","_kad_post_title":"","_kad_post_layout":"","_kad_post_sidebar_id":"","_kad_post_content_style":"","_kad_post_vertical_padding":"","_kad_post_feature":"","_kad_post_feature_position":"","_kad_post_header":false,"_kad_post_footer":false,"_kad_post_classname":"","iawp_total_views":4,"footnotes":""},"class_list":["post-377","page","type-page","status-publish","hentry"],"aioseo_notices":[],"_links":{"self":[{"href":"https:\/\/associations-montseret.fr\/index.php?rest_route=\/wp\/v2\/pages\/377","targetHints":{"allow":["GET"]}}],"collection":[{"href":"https:\/\/associations-montseret.fr\/index.php?rest_route=\/wp\/v2\/pages"}],"about":[{"href":"https:\/\/associations-montseret.fr\/index.php?rest_route=\/wp\/v2\/types\/page"}],"author":[{"embeddable":true,"href":"https:\/\/associations-montseret.fr\/index.php?rest_route=\/wp\/v2\/users\/1"}],"replies":[{"embeddable":true,"href":"https:\/\/associations-montseret.fr\/index.php?rest_route=%2Fwp%2Fv2%2Fcomments&post=377"}],"version-history":[{"count":3,"href":"https:\/\/associations-montseret.fr\/index.php?rest_route=\/wp\/v2\/pages\/377\/revisions"}],"predecessor-version":[{"id":383,"href":"https:\/\/associations-montseret.fr\/index.php?rest_route=\/wp\/v2\/pages\/377\/revisions\/383"}],"wp:attachment":[{"href":"https:\/\/associations-montseret.fr\/index.php?rest_route=%2Fwp%2Fv2%2Fmedia&parent=377"}],"curies":[{"name":"wp","href":"https:\/\/api.w.org\/{rel}","templated":true}]}}