{"id":116,"date":"2024-07-07T15:11:18","date_gmt":"2024-07-07T13:11:18","guid":{"rendered":"https:\/\/associations-montseret.fr\/?page_id=116"},"modified":"2024-09-13T08:21:40","modified_gmt":"2024-09-13T06:21:40","slug":"cabaret-pirate","status":"publish","type":"page","link":"https:\/\/associations-montseret.fr\/?page_id=116","title":{"rendered":"Cabaret pirate"},"content":{"rendered":"\n<p>Cet \u00e9v\u00e8nement est organis\u00e9 par la section Medium Aevum des Monts\u00e9retois. Deux \u00e9ditions \u00e0 ce jour 2023 et 2024.<\/p>\n\n\n\n<p>Prochaine \u00e9dition le <strong>samedi 8 mars 2025.<\/strong><\/p>\n","protected":false},"excerpt":{"rendered":"<p>Cet \u00e9v\u00e8nement est organis\u00e9 par la section Medium Aevum des Monts\u00e9retois. Deux \u00e9ditions \u00e0 ce jour 2023 et 2024. Prochaine \u00e9dition le samedi 8 mars 2025.<\/p>\n","protected":false},"author":1,"featured_media":0,"parent":0,"menu_order":0,"comment_status":"closed","ping_status":"closed","template":"","meta":{"_monsterinsights_skip_tracking":false,"_monsterinsights_sitenote_active":false,"_monsterinsights_sitenote_note":"","_monsterinsights_sitenote_category":0,"_kad_post_transparent":"","_kad_post_title":"","_kad_post_layout":"","_kad_post_sidebar_id":"","_kad_post_content_style":"","_kad_post_vertical_padding":"","_kad_post_feature":"","_kad_post_feature_position":"","_kad_post_header":false,"_kad_post_footer":false,"_kad_post_classname":"","iawp_total_views":13,"footnotes":""},"class_list":["post-116","page","type-page","status-publish","hentry"],"aioseo_notices":[],"_links":{"self":[{"href":"https:\/\/associations-montseret.fr\/index.php?rest_route=\/wp\/v2\/pages\/116","targetHints":{"allow":["GET"]}}],"collection":[{"href":"https:\/\/associations-montseret.fr\/index.php?rest_route=\/wp\/v2\/pages"}],"about":[{"href":"https:\/\/associations-montseret.fr\/index.php?rest_route=\/wp\/v2\/types\/page"}],"author":[{"embeddable":true,"href":"https:\/\/associations-montseret.fr\/index.php?rest_route=\/wp\/v2\/users\/1"}],"replies":[{"embeddable":true,"href":"https:\/\/associations-montseret.fr\/index.php?rest_route=%2Fwp%2Fv2%2Fcomments&post=116"}],"version-history":[{"count":3,"href":"https:\/\/associations-montseret.fr\/index.php?rest_route=\/wp\/v2\/pages\/116\/revisions"}],"predecessor-version":[{"id":198,"href":"https:\/\/associations-montseret.fr\/index.php?rest_route=\/wp\/v2\/pages\/116\/revisions\/198"}],"wp:attachment":[{"href":"https:\/\/associations-montseret.fr\/index.php?rest_route=%2Fwp%2Fv2%2Fmedia&parent=116"}],"curies":[{"name":"wp","href":"https:\/\/api.w.org\/{rel}","templated":true}]}}