{"id":104,"date":"2024-07-07T14:58:52","date_gmt":"2024-07-07T12:58:52","guid":{"rendered":"https:\/\/associations-montseret.fr\/?page_id=104"},"modified":"2025-08-23T16:00:31","modified_gmt":"2025-08-23T14:00:31","slug":"patrimoine","status":"publish","type":"page","link":"https:\/\/associations-montseret.fr\/?page_id=104","title":{"rendered":"Patrimoine"},"content":{"rendered":"\n<p>Le Patrimoine est une section de l&rsquo;association les Monts\u00e9r\u00e9tois produisant des publications et ayant en gestion le petit mus\u00e9e de Monts\u00e9ret. Responsable : Jean-Louis Escudier<\/p>\n\n\n\n<p>Retrouvez ici l&rsquo;ensemble des publications de la section Patrimoine des Monts\u00e9r\u00e9tois.<\/p>\n\n\n\n<p><\/p>\n","protected":false},"excerpt":{"rendered":"<p>Le Patrimoine est une section de l&rsquo;association les Monts\u00e9r\u00e9tois produisant des publications et ayant en gestion le petit mus\u00e9e de Monts\u00e9ret. Responsable : Jean-Louis Escudier Retrouvez ici l&rsquo;ensemble des publications de la section Patrimoine des Monts\u00e9r\u00e9tois.<\/p>\n","protected":false},"author":1,"featured_media":0,"parent":0,"menu_order":0,"comment_status":"closed","ping_status":"closed","template":"","meta":{"_monsterinsights_skip_tracking":false,"_monsterinsights_sitenote_active":false,"_monsterinsights_sitenote_note":"","_monsterinsights_sitenote_category":0,"_kad_post_transparent":"","_kad_post_title":"","_kad_post_layout":"","_kad_post_sidebar_id":"","_kad_post_content_style":"","_kad_post_vertical_padding":"","_kad_post_feature":"","_kad_post_feature_position":"","_kad_post_header":false,"_kad_post_footer":false,"_kad_post_classname":"","iawp_total_views":4,"footnotes":""},"class_list":["post-104","page","type-page","status-publish","hentry"],"aioseo_notices":[],"_links":{"self":[{"href":"https:\/\/associations-montseret.fr\/index.php?rest_route=\/wp\/v2\/pages\/104","targetHints":{"allow":["GET"]}}],"collection":[{"href":"https:\/\/associations-montseret.fr\/index.php?rest_route=\/wp\/v2\/pages"}],"about":[{"href":"https:\/\/associations-montseret.fr\/index.php?rest_route=\/wp\/v2\/types\/page"}],"author":[{"embeddable":true,"href":"https:\/\/associations-montseret.fr\/index.php?rest_route=\/wp\/v2\/users\/1"}],"replies":[{"embeddable":true,"href":"https:\/\/associations-montseret.fr\/index.php?rest_route=%2Fwp%2Fv2%2Fcomments&post=104"}],"version-history":[{"count":4,"href":"https:\/\/associations-montseret.fr\/index.php?rest_route=\/wp\/v2\/pages\/104\/revisions"}],"predecessor-version":[{"id":386,"href":"https:\/\/associations-montseret.fr\/index.php?rest_route=\/wp\/v2\/pages\/104\/revisions\/386"}],"wp:attachment":[{"href":"https:\/\/associations-montseret.fr\/index.php?rest_route=%2Fwp%2Fv2%2Fmedia&parent=104"}],"curies":[{"name":"wp","href":"https:\/\/api.w.org\/{rel}","templated":true}]}}